
8
Let d(p) = -14*p + 4. Give d(1).
-10
Let z(y) = -y**3 + 4*y**2 - 2*y + 5. What is z(4)?
-3
Let j(z) = 136*z**3 - z**2 + 1. Determine j(1).
136
Let g(p) = -p**3 + 9*p**2 + 4. Give g(9).
4
Let y(w) = -4*w - 85. What is y(-17)?
-17
Let j(g) = g**3 + 8*g**2 + 4*g - 10. What is j(-7)?
11
Let g(l) = -l**2 + 19*l - 65. Give g(6).
13
Let b(m) = -m**3 - 12*m**2 + 9*m - 19. Calculate b(-13).
33
Let s(f) = -14*f**3 + 3*f**2 + 3*f. Determine s(-1).
14
Let z(h) = -h**2 + 7*h - 2. What is z(7)?
-2
Let i(u) = -u**3 + 2*u**2 + 5*u - 2. Give i(3).
4
Let d(i) = 3*i - 49. What is d(15)?
-4
Let g(x) = -20*x**3 - x. Calculate g(-1).
21
Let n(j) = -3*j - 18. What is n(-12)?
18
Let a(r) = -116*r - 1389. Determine a(-12).
3
Let f(y) = y**3 - 7*y**2 - 6*y - 6. Give f(8).
10
Let s(o) = -3*o**2 - 8*o + 21. What is s(2)?
-7
Let s(y) = -y + 9. Determine s(16).
-7
Let c(k) = -16*k**3 + k**2 + 2*k + 1. Give c(-1).
16
Let x(o) = o**3 - 5*o**2 - 5*o + 7. What is x(6)?
13
Let x(y) = -y**2 + 6*y + 30. Calculate x(15).
-105
Let x(y) = 65*y + 20. Calculate x(-2).
-110
Let r(k) = k**3 + 5*k**2. What is r(0)?
0
Let s(n) = -n**3 - 6*n**2 + 15*n - 19. Give s(-8).
-11
Let v(q) = q**2 + 11*q - 7. Determine v(-10).
-17
Let d(w) = w**3 + 7*w**2 + 2*w - 9. Give d(0).
-9
Let o(u) = -9*u**3 + 54*u**2 - 3*u + 5. Determine o(6).
-13
Let z(r) = -r**3 - 5*r**2 + r - 8. Calculate z(-5).
-13
Let q(b) = -b**3 + b + 5. Give q(0).
5
Let i(a) = 4*a + 41. Calculate i(7).
69
Let i(q) = -24*q**2 - 3*q + 4. Give i(1).
-23
Let q(a) = -2*a + 19. What is q(12)?
-5
Let r(u) = u**2 + 6*u - 2. Determine r(-7).
5
Let n(w) = w - 14. What is n(0)?
-14
Let n(t) = 2*t**2 - 35*t + 2. Calculate n(16).
-46
Let f(c) = -22*c - 90. Give f(-4).
-2
Let k(y) = 3*y + 1. Determine k(-2).
-5
Let v(y) = 8*y - 252. What is v(31)?
-4
Let p(i) = i - 1. Calculate p(-4).
-5
Let v(h) = -33*h + 97. Calculate v(2).
31
Let d(r) = -r**2 + 12*r - 1. Give d(9).
26
Let n(p) = p**3 - 19*p**2 - 22*p - 2. Determine n(20).
-42
Let x(t) = -t**3 + 4*t**2 - 5*t. Calculate x(3).
-6
Let j(w) = w**3 + w**2 - w - 2. Calculate j(-3).
-17
Let h(l) = 6*l**2 - 3*l - 15. What is h(-3)?
48
Let h(t) = 2*t**2 - 9*t + 8. What is h(1)?
1
Let i(b) = -2*b**3 - 3*b**2 + 2*b - 4. Determine i(-3).
17
Let w(g) = -g - 14. Calculate w(-10).
-4
Let b(w) = 24*w - 122. What is b(5)?
-2
Let j(q) = -q - 10. Calculate j(-6).
-4
Let m(k) = -20*k**3 + 3*k**2 + 4*k + 2. Calculate m(-1).
21
Let s(d) = -5*d**3 + 4*d**2 + 4*d + 2. Calculate s(-1).
7
Let v(h) = -5*h + 1. What is v(-3)?
16
Let z(r) = -64*r - 3. Calculate z(1).
-67
Let v(r) = r**3 + 11*r**2 + 11*r - 3. Determine v(-10).
-13
Let p(j) = j**2 - 8*j - 2. What is p(6)?
-14
Let f(w) = w**3 + w**2 + 2*w + 10. Determine f(0).
10
Let s(p) = -p**3 + 9*p**2 + 10*p + 10. Determine s(10).
10
Let k(j) = -6*j + 12. Give k(9).
-42
Let a(f) = 15*f - 124. What is a(7)?
-19
Let o(d) = d**3 + 5*d**2 + 5*d + 8. Give o(-6).
-58
Let f(s) = s**3 - 18*s**2 - 23*s + 38. What is f(19)?
-38
Let f(q) = q**3 + 7*q**2 + 6*q + 3. What is f(-6)?
3
Let o(z) = -z**2 + 8*z - 15. Determine o(6).
-3
Let l(u) = -u**2 + 12*u - 38. What is l(5)?
-3
Let j(v) = 15*v**3 + 13*v**2 - 11*v - 3. What is j(1)?
14
Let u(a) = -2*a**2 - 40*a - 168. Calculate u(-9).
30
Let q(g) = 2*g**2 + 10*g + 5. Determine q(-7).
33
Let s(v) = v**2 - 3*v - 8. Give s(6).
10
Let c(n) = -n**2 + 25*n - 73. Calculate c(22).
-7
Let t(w) = 3*w**3 + w**2 - 2*w - 2. Give t(2).
22
Let q(n) = -6*n + 16. Calculate q(3).
-2
Let d(f) = -3*f - 48. What is d(-12)?
-12
Let i(r) = r**2 - 15*r + 15. Determine i(6).
-39
Let v(k) = -k**2 + 17*k - 31. Determine v(15).
-1
Let p(m) = -6*m + 62. Give p(14).
-22
Let c(o) = -o - 7. Give c(-12).
5
Let y(s) = s**3 - 6*s**2 + 14*s + 3. Give y(3).
18
Let u(f) = 2*f**3 - 4*f**2 - 5*f + 4. Determine u(3).
7
Let f(q) = q**3 - 7*q**2 + q. Determine f(7).
7
Let u(q) = -q + 7. Determine u(7).
0
Let t(k) = 6*k + 11. Give t(4).
35
Let b(l) = l**3 + 15*l**2 + 27*l + 15. What is b(-13)?
2
Let j(i) = 2*i**2 + 100*i - 213. Calculate j(-52).
-5
Let g(w) = -2*w**3 + 14*w**2 + 31*w + 21. Calculate g(9).
-24
Let c(h) = h**3 + 4*h**2 + 5*h + 3. Give c(-4).
-17
Let w(b) = -b + 14. Give w(-2).
16
Let s(k) = -k**3 - 9*k**2 + 3*k + 21. Give s(-9).
-6
Let x(u) = -u**2 + 14*u - 34. Give x(7).
15
Let s(i) = -9*i + 21. What is s(2)?
3
Let k(l) = l**2 - 4*l + 3. Give k(7).
24
Let y(i) = 6*i - 3. Calculate y(1).
3
Let v(y) = -y**3 + 22*y**2 - 39*y - 28. Determine v(20).
-8
Let i(n) = n - 2. Calculate i(-2).
-4
Let f(n) = -n**3 - 26*n**2 - 3*n - 41. Give f(-26).
37
Let t(p) = -p**2 + 10*p + 16. Determine t(11).
5
Let f(c) = -53*c**2 - 5*c - 9. Determine f(-2).
-211
Let d(w) = w**2 - 5*w - 3. Determine d(3).
-9
Let m(o) = o**3 + 7*o**2 - 11*o - 3. Calculate m(-8).
21
Let l(p) = -p + 10. Determine l(-10).
20
Let p(r) = -2*r + 15. Give p(-15).
45
Let z(y) = -2*y - 104. Calculate z(-56).
8
Let a(t) = -t**3 - 9*t**2 + 3*t + 12. What is a(-9)?
-15
Let z(y) = y**2 - 25*y - 52. Give z(28).
32
Let l(i) = -i**2 + 58*i - 158. Give l(55).
7
Let b(c) = -4*c - 8. Calculate b(-6).
16
Let o(s) = -s**3 - 15*s**2 - 4. Determine o(-15).
-4
Let i(v) = v**3 - 15*v**2 + 27*v - 14. Determine i(13).
-1
Let o(m) = -m**2 - 6*m - 4. Calculate o(-6).
-4
Let n(y) = y**2 + 14*y + 30. What is n(-9)?
-15
Let z(q) = q**2 + q + 15. Calculate z(-6).
45
Let c(d) = 3*d**2 + 13. What is c(-5)?
88
Let a(s) = s**3 - 5*s**2 - s - 1. Determine a(4).
-21
Let d(p) = p**3 - 11*p**2 + 29*p - 6. Give d(7).
1
Let z(u) = -u**3 + 53*u**2 - 103*u + 52. What is z(51)?
1
Let a(s) = -4*s**2 + 31*s + 1. Calculate a(8).
-7
Let w(y) = y**3 + 5*y**2 + 3*y - 3. Calculate w(-3).
6
Let s(i) = -i**2 + 9*i - 1. Determine s(6).
17
Let q(l) = l**2 + 5*l - 4. Calculate q(-6).
2
Let b(p) = p**3 - 8*p**2 + 10*p + 3. Calculate b(6).
-9
Let p(u) = -u**3 + 11*u**2 - 22*u - 4. Calculate p(9).
-40
Let t(d) = -d**3 + 23*d**2 - 22. Determine t(23).
-22
Let f(t) = 23*t + 11. Determine f(-1).
-12
Let k(a) = 182*a + 370. What is k(-2)?
6
Let w(t) = 5*t**3 + 3*t**2 + 4*t + 3. What is w(-2)?
-33
Let s(h) = -19*h - 648. Give s(-34).
-2
Let a(k) = k**2 + 8*k + 22. Calculate a(-6).
10
Let b(t) = -20*t + 394. Determine b(20).
-6
Let h(c) = -34*c - 130. Determine h(-4).
6
Let s(u) = -u**3 + 24*u**2 - 24*u + 20. Calculate s(23).
-3
Let l(r) = 2*r**3 + 15*r**2 + 17*r + 15. Calculate l(-6).
21
Let t(r) = -r**2 - 15*r - 10. Determine t(-16).
-26
Let x(z) = z**2 - 11*z + 1. Determine x(11).
1
Let t(j) = -j**3 - 16*j**2 - 15*j + 7. Give t(-15).
7
Let i(s) = s**2 - 16*s + 6. Calculate i(15).
-9
Let c(k) = k**3 - 8*k**2 + 11*k - 10. Give c(6).
-16
Let l(u) = -u**3 - 10*u**2 + 15*u + 16. What is l(-11)?
-28
Let o(u) = -u**3 - 42*u**2 - 35*u + 220. Determine o(-41).
-26
Let m(a) = 4*a - 3. What is m(4)?
13
Let o(s) = -s - 29. Give o(0).
-29
Let k(h) = -h**3 - 4*h**2 - 2*h - 2. Give k(-2).
-6
Let w(i) = 13*i + 10. Determine w(-4).
-42
Let d(j) = -j**3 + j**2 + j - 55. What is d(0)?
-55
Let f(q) = 2*q**2 + 14*q + 4. Give f(-6).
-8
Let q(n) = 12*n**2 + 6*n + 12. Calculate q(-2).
48
Let x(b) = -b**2 - 18*b + 25. What is x(-19)?
6
Let d(o) = -o**3 - 7*o**2 - 21*o - 41. Determine d(-6).
49
Let l(a) = -2*a**2 + 4*a - 4. Calculate l(4).
-20
Let o(r) = r**2 - 23*r. Determine o(22).
-22
Let g(s) = -s**3 - 2*s - 3. What is g(-3)?
30
Let p(y) = y**3 + 7*y**2 + 4*y + 4. Give p(-6).
16
Let t(x) = 9*x + 45. What is t(-5)?
0
Let q(x) = 3*x + 80. What is q(-28)?
-4
Let d(q) = -q**2 - 9*q - 14. Give d(-3).
4
Let h(i) = -i**3 - 8*i**2 - 13*i + 8. What is h(-6)?
14
Let u(n) = 3*n + 2. What is u(0)?
2
Let x(v) = -v**2 + 13*v - 26. Give x(11).
-4
Let y(r) = r**2 - 21*r - 53. Give y(22).
-31
Let l(o) = o**3 + 12*o**2 - 17*o - 19. What is l(-13)?
33
Let d(t) = -27*t - 259. Give d(-10).
11
Let c(z) = -z**2 + 10*z + 23. Give c(12).
-1
Let f(g) = -2*g**2 + 3*g + 7. Calculate f(-5).
-58
Let v(x) = x**3 + 5*x**2 - 8*x - 6. Give v(-6).
6
Let w(i) = i**3 + 23*i**2 - 27*i - 79. Calculate w(-24).
-7
Let f(q) = q**2 - 15*q + 33. What is f(13)?
7
Let z(w) = -w**3 + 8*w**2 + 7*w + 6. What is z(9)?
-12
Let z(m) = m**2 - 20*m + 96. Determine z(6).
12
Let u(b) = b**3 + 12*b**2 + 10*b - 7. What is u(-11)?
4
Let w(b) = 4*b**2 - 4*b - 3. What is w(-2)?
21
Let i(j) = j**3 + 11*j**2 + 2*j + 25. Determine i(-11).
3
Let c